17. Let o(u) = -7 - 14*u - 4 - 6 + 8. What are the prime factors of o(y)?
89
Suppose m - 15 = -y, 6*m - 10*m + 2*y = -30. Suppose -53 = m*u - 543. What are the prime factors of u?
7
Suppose 34007*r - 1317725 = 33982*r. List the prime factors of r.
52709
Suppose 0 = 2*w - 14, 4*n + 93*w = 95*w + 6434. List the prime factors of n.
2, 13, 31
Suppose 3*s + 6*k = 4*k + 43726, 9*s = k + 131227. List the prime factors of s.
2, 3, 5
Suppose -7*h = 148 + 244. Let q = -48 - h. Let r = q - -99. What are the prime factors of r?
107
Let c(k) = -k + 4. Let x be c(24). Let l(g) = g - 12. Let a be l(x). What are the prime factors of 16/a + 350/4 + -2?
5, 17
Let y be (-9)/12 + (-374)/(-8) - 1. Let p = 47 - y. Suppose -o - s = -4 - 114, p*o - 4*s = 236. What are the prime factors of o?
2, 59
Let n be (-4)/(-3)*(-630)/(-84). List the prime factors of 1746/2*(68/6 - n).
2, 3, 97
Suppose 4*b + 4151 = 3*v + 11289, 0 = -4*b + 16. Let d = -1322 - v. List the prime factors of d.
2, 263
Let i be 145/(-6) + (-20)/24. What are the prime factors of -35*5/i*916/14?
2, 229
Suppose -h - 5334 = -1164. What are the prime factors of (-2)/((-12)/(-9))*h/9?
5, 139
Suppose -2*s - 3*y = 5 - 23, -30 = -4*s - 3*y. Suppose 55 = s*w + 5*w. What are the prime factors of (3 + w/(-2))*(-1 - -311)?
5, 31
Let n(w) = -154*w + 171. Let t(u) = 76*u - 86. Let j(p) = -4*n(p) - 9*t(p). What are the prime factors of j(-19)?
2, 691
Suppose -75*o + 158901 + 87249 = 0. List the prime factors of o.
2, 3, 547
Let b be 0/((-2)/(-4)*-2). Suppose b = 5*m - 29 + 24. What are the prime factors of m - 0 - (-6 - 3 - 3)?
13
Let p(o) = -3254*o - 4505. What are the prime factors of p(-6)?
23, 653
Let x(o) = -3*o**3 - 8*o**2 + 3*o - 4. Let a be x(5). Let n = -33 - a. List the prime factors of n.
3, 59
Suppose -6*c - 1711 = -2241 - 7594. List the prime factors of c.
2, 677
Let j = -148 + 144. Let u(q) = -141*q - 31. List the prime factors of u(j).
13, 41
Suppose 8*u + 782 = 25*u. What are the prime factors of (40/(-4) - 95)*u/(-6)?
5, 7, 23
Let j(v) = 98 + 111 - 12*v - 232. Suppose 0 = -3*d - 5*g - 49, -d - 2*g = -3*d - 6. What are the prime factors of j(d)?
73
List the prime factors of -10779*(-136)/36 - (6 - (-176)/(-33)).
2, 5, 509
Suppose -u - 214 = 4*x, 4*x - u = 5*x + 55. Let g = x - -52. List the prime factors of (-1 - -217) + (0/(-3))/g.
2, 3
List the prime factors of ((-30322)/12)/(-1 - 15/(-30))*3.
15161
Let n(i) = -i**3 + 2*i**2 - 70*i + 31892. What are the prime factors of n(0)?
2, 7, 17, 67
Suppose -r + 21 = -8*r. Let o be (-5 - r - -21) + 1. Suppose 0 = -8*t + o*t - 672. List the prime factors of t.
2, 7
Let g(q) = -q**2 + 87*q + 1523. What are the prime factors of g(0)?
1523
Let n = 10932 + -2094. What are the prime factors of n?
2, 3, 491
Let m = -8 - -20. Suppose -4*x = m, 668 - 86 = 2*j + 4*x. Let f = 460 - j. What are the prime factors of f?
163
Suppose a - 12 = 2*y, 3*a + 0*a = 5*y + 32. Let q be 2/12 + (354/36 - a). Suppose 0 = q*k + 3*k - 2484. List the prime factors of k.
2, 3, 23
Suppose 2*g - 9*g - 5*g + 94212 = 0. List the prime factors of g.
3, 2617
Suppose -154823 + 24308 = -55*i. List the prime factors of i.
3, 7, 113
Suppose -3*n + 4023 = -2*v - 1055, -5*n + 8490 = 2*v. What are the prime factors of n?
2, 53
Suppose -3*g + 496 = 4*v + 19, 3*v - g - 348 = 0. Suppose -111*c + v*c = 570. List the prime factors of c.
5, 19
Let o(p) = -1721*p - 30. Let c(d) = 860*d + 14. Let t(x) = -7*c(x) - 3*o(x). What are the prime factors of t(-1)?
3, 283
Suppose -r + 19282 + 8284 = r. List the prime factors of r.
7, 11, 179
Let s(z) = z + 26. Let c be s(-18). Suppose -c*g + 7*g = -7. Suppose -g*d + 270 = -4*d. List the prime factors of d.
2, 3, 5
Let v be 11 + -60 - 20/(-5). Let h be ((-35)/10)/(2/8). Let s = h - v. What are the prime factors of s?
31
Let r(m) = 6 + 52*m - 22 + 0*m - 20. Let k be r(5). Let h = k - 77. What are the prime factors of h?
3, 7
Let d be 2/(-5) - 48/(-20). Suppose -d*v - 4*o + 27 = -v, -3*v - 4*o = -41. Suppose v*u + 495 = 5*f + 3*u, 0 = -5*f - u + 470. What are the prime factors of f?
5, 19
Let b = 54 - 77. Let u be 6/72*4 + b/(-3). Suppose 6*o + 155 = u*o - 3*g, -213 = -3*o - 2*g. What are the prime factors of o?
73
List the prime factors of ((-10596)/(-16))/((-66)/56 - (-414)/345).
5, 7, 883
Let r(o) = -o**2 - 32*o - 219. Let i be r(-12). Let x(m) = m - 1. Let j be x(-7). Let l = i - j. List the prime factors of l.
29
Suppose -23*l - 27755 + 173046 = 0. What are the prime factors of l?
6317
Let l(n) = n**3 + 41*n**2 - 7*n + 60. Suppose 0 = -6*w + 3*w - g - 123, -2*w + g - 82 = 0. List the prime factors of l(w).
347
Let w(x) be the third derivative of -5*x**4/6 + 7*x**3/2 + 5*x**2 - 5. What are the prime factors of w(-3)?
3
Let c = 54611 - 40282. What are the prime factors of c?
7, 23, 89
Suppose 4*a = 3339 - 163. Suppose 2*k - 786 = -4*r, -2*k + r + a = -3*r. List the prime factors of k.
5, 79
Let d = 247 - 244. Suppose -d*j + 1650 = 5*w, 3*w + 4*j - 979 = -0*j. What are the prime factors of w?
3, 37
Let y(x) = -x**2 + 4*x + 59. Let w be y(-7). Let n(p) = -29*p + 57. What are the prime factors of n(w)?
3, 193
Suppose 53*v - 47*v = 180. List the prime factors of -10*((-1566)/v - 4).
2, 281
Let q be 2*3873*(-7)/42. List the prime factors of (37 + -34)/((-3)/q).
1291
Let b = -19907 - -40289. List the prime factors of b.
2, 3, 43, 79
Let h(o) = 5*o**2 + 69*o - 16578. What are the prime factors of h(123)?
2, 3, 139
Let u be ((-2)/(20/(-95)))/(1/(-72)). Let i = 1137 + u. Suppose -9*k = -i - 987. What are the prime factors of k?
2, 5
Let i(j) = j**3 + 31*j**2 + 81*j + 24. List the prime factors of i(-26).
2, 11, 59
Suppose 0 = -11*z + 8*z + 123. Let o = z + -39. Suppose -p + 231 = 3*l, 300 = o*l + 2*l + 4*p. What are the prime factors of l?
2, 3, 13
Let k = -195 - 65. Suppose -72 = -5*i + i. What are the prime factors of (-12)/i + k/(-3)?
2, 43
Let y be -12*((-33)/9)/11. Suppose y*u - 1583 = 1089. What are the prime factors of u?
2, 167
Let f = -20 + 32. Let c(t) = 32*t - 8 + 10*t - 9 + f. What are the prime factors of c(3)?
11
Let o(f) = -2*f**2 - 12*f - 4. Let q be o(-5). Let l(r) = -5*r + 42. Let d be l(q). Suppose -4*k - d = 0, 8*g + 3*k - 157 = 6*g. List the prime factors of g.
83
Suppose -5 = -2*i + 113. Let n = -56 + i. What are the prime factors of (-2*3)/((-2)/144*n)?
2, 3
Let h = 55 + -49. Suppose -h*f + 515 = -757. List the prime factors of f.
2, 53
Let l(n) = -87*n + 327. List the prime factors of l(-13).
2, 3
Let z(d) = d**3 - 20*d**2 + 20*d - 16. Let r be z(19). Suppose 16*y - 10602 = -r*y. What are the prime factors of y?
2, 3, 31
Let n be (-14)/35 + (-426)/10. Let u = n + 104. Suppose 6*y - 7*y + u = 0. List the prime factors of y.
61
Suppose -19*h - 109 = 119. List the prime factors of 1356*((-44)/h)/11.
2, 113
Suppose -2*m + 1707 = 1549. List the prime factors of m.
79
Let z(f) = 27*f + 39. Let s be z(9). Let a = s - 133. List the prime factors of a.
149
Let k be 4*9/12 - 3. Suppose -r + k*r - 2 = -2*u, 0 = -r - 2*u + 2. What are the prime factors of 2 - (r + 1)*-1*26?
2, 7
Let o be (-14)/7 - (-2 - 3). Suppose o*j - 592 = -4*s, 6*s - 7*s = 4*j - 161. Suppose 5*h = -4*i + 586, 2*i - 2*h = 3*i - s. List the prime factors of i.
149
Suppose 158439 + 120189 = 6*o. List the prime factors of o.
2, 7, 31, 107
Suppose -2*l + 10*d - 5*d = -26, -5*l + 2*d + 23 = 0. Suppose 0 = -l*i - 3*h + 248 + 31, -i + 81 = -3*h. What are the prime factors of i?
2, 3, 5
Let l(t) = 3*t**3 - 3*t**2 - 3*t + 6. Let f be l(4). Let r be ((-6)/(-10) + -1)*-10. Suppose -r*v = -v - f. What are the prime factors of v?
2, 23
Let y(k) be the third derivative of -7*k**4/24 - 71*k**3/6 + 23*k**2 + k. List the prime factors of y(-14).
3
List the prime factors of (-260)/(-780)*(201566/10 + 2/5).
6719
Suppose -n - 7 = -2*h, 5*h + 2*n = 7*n + 5. Suppose 0 = -3*m + 6*m - h. Suppose -146 = -m*w + 5*r, 6*w - 3*w = -4*r + 173. List the prime factors of w.
3, 7
Suppose 12434 = 5*y - 3*l - 46919, -5*y + 59357 = -2*l. What are the prime factors of y?
31, 383
Suppose -4*b + 4*p - 206 = -p, 2*b - 3*p = -104. Let v = 16 + -146. Let m = b - v. List the prime factors of m.
3
Let m(s) = -s**3 + 6*s**2 - 2*s + 36. Suppose 5*g + 45 - 14 = -q, -2*g - 4*q + 2 = 0. List the prime factors of m(g).
3, 229
Let g be (0 -